{"id":11689,"date":"2022-05-07T23:39:36","date_gmt":"2022-05-07T23:39:36","guid":{"rendered":"https:\/\/whereto.pt\/transfers\/"},"modified":"2022-05-16T16:02:16","modified_gmt":"2022-05-16T16:02:16","slug":"transfers","status":"publish","type":"page","link":"https:\/\/whereto.pt\/pt-pt\/transfers\/","title":{"rendered":"Transfers"},"content":{"rendered":"<section class=\"wpb-content-wrapper\"><p>[vc_row][vc_column width=&#8221;1\/6&#8243;][\/vc_column][vc_column width=&#8221;2\/3&#8243;][vc_column_text]<img decoding=\"async\" class=\"aligncenter wp-image-10361\" src=\"https:\/\/whereto.pt\/wp-content\/uploads\/2018\/12\/WTBLACK.svg\" alt=\"\" width=\"192\" height=\"133\">[\/vc_column_text][vc_column_text]<\/p>\n<div class=\"mkdf-section-title-holder mkdf-light mkdf-st-standard mkdf-st-title-left mkdf-st-normal-space \">\n<div class=\"mkdf-st-inner\">\n<p style=\"text-align: center;\"><strong>WHERE TO <\/strong>tamb\u00e9m \u00e9 especializada em Transfers Privados de\/para qualquer ponto do pa\u00eds.<\/p>\n<p style=\"text-align: center;\">Nossa frota \u00e9 composta por ve\u00edculos que s\u00e3o continuamente inspecionados e mantidos para garantir a m\u00e1xima qualidade de servi\u00e7o.<\/p>\n<p style=\"text-align: center;\">Viajamos para qualquer parte do pa\u00eds, qualquer destino, qualquer dist\u00e2ncia e a qualquer hora.<\/p>\n<\/div>\n<\/div>\n<p>[\/vc_column_text][vc_empty_space height=&#8221;40px&#8221;][\/vc_column][vc_column width=&#8221;1\/6&#8243;][\/vc_column][\/vc_row][vc_row][vc_column][vc_column_text]<\/p>\n<p style=\"text-align: center;\"><strong>INCLU\u00cdDO<\/strong><\/p>\n<p>[\/vc_column_text][\/vc_column][\/vc_row][vc_row][vc_column width=&#8221;1\/3&#8243;][\/vc_column][vc_column width=&#8221;1\/3&#8243;][vc_column_text]<\/p>\n<ul>\n<li>Carro Privado<\/li>\n<li>Motorista Exclusivo<\/li>\n<li>Wifi a bordo<\/li>\n<li>Sele\u00e7\u00e3o de m\u00fasica dedicada<\/li>\n<li>Carregador iPhone\/Android<\/li>\n<\/ul>\n<p>[\/vc_column_text][vc_empty_space height=&#8221;20px&#8221;][\/vc_column][vc_column width=&#8221;1\/3&#8243;][\/vc_column][\/vc_row][vc_row][vc_column width=&#8221;1\/3&#8243;][vc_icon icon_fontawesome=&#8221;fas fa-plus&#8221; color=&#8221;custom&#8221; background_style=&#8221;rounded&#8221; background_color=&#8221;custom&#8221; size=&#8221;xs&#8221; align=&#8221;center&#8221; css_animation=&#8221;fadeIn&#8221; custom_color=&#8221;#ffffff&#8221; custom_background_color=&#8221;#cfb370&#8243;][vc_column_text]Pack de Boas-Vindas &#8211; garrafas de \u00e1gua mineral, len\u00e7os umedecidos, mapa da cidade, guarda-chuva (quando necess\u00e1rio), jornais e revistas (se solicitado).[\/vc_column_text][\/vc_column][vc_column width=&#8221;1\/3&#8243;][vc_icon icon_fontawesome=&#8221;fas fa-plus&#8221; color=&#8221;custom&#8221; background_style=&#8221;rounded&#8221; background_color=&#8221;custom&#8221; size=&#8221;xs&#8221; align=&#8221;center&#8221; css_animation=&#8221;fadeIn&#8221; custom_color=&#8221;#ffffff&#8221; custom_background_color=&#8221;#cfb370&#8243;][vc_column_text]Placas de identifica\u00e7\u00e3o de aeroporto personalizadas com logotipo da empresa, nome do cliente ou ambos.[\/vc_column_text][\/vc_column][vc_column width=&#8221;1\/3&#8243;][vc_icon icon_fontawesome=&#8221;fas fa-plus&#8221; color=&#8221;custom&#8221; background_style=&#8221;rounded&#8221; background_color=&#8221;custom&#8221; size=&#8221;xs&#8221; align=&#8221;center&#8221; css_animation=&#8221;fadeIn&#8221; custom_color=&#8221;#ffffff&#8221; custom_background_color=&#8221;#cfb370&#8243;][vc_column_text]Assist\u00eancia dispon\u00edvel 24 horas por dia, 7 dias por semana em v\u00e1rios idiomas.[\/vc_column_text][\/vc_column][\/vc_row][vc_row][vc_column][vc_empty_space height=&#8221;20px&#8221;][vc_btn title=&#8221;RESERVAR | OR\u00c7AMENTO&#8221; color=&#8221;inverse&#8221; size=&#8221;lg&#8221; align=&#8221;center&#8221; i_icon_fontawesome=&#8221;fas fa-hand-point-right&#8221; add_icon=&#8221;true&#8221; link=&#8221;url:https%3A%2F%2Fwhereto.pt%2Fpt-pt%2Fcontactos%2F|title:Transfers%20Form|&#8221;][vc_empty_space height=&#8221;20px&#8221;][\/vc_column][\/vc_row][vc_row full_width=&#8221;stretch_row_content_no_spaces&#8221; content_placement=&#8221;middle&#8221;][vc_column]\n\t\t\t<!-- START Slider 3 REVOLUTION SLIDER 6.6.13 --><p class=\"rs-p-wp-fix\"><\/p>\n\t\t\t<rs-module-wrap id=\"rev_slider_10_1_wrapper\" data-source=\"gallery\" style=\"visibility:hidden;background:transparent;padding:0;margin:0px auto;margin-top:0;margin-bottom:0;\">\n\t\t\t\t<rs-module id=\"rev_slider_10_1\" style=\"\" data-version=\"6.6.13\">\n\t\t\t\t\t<rs-slides style=\"overflow: hidden; position: absolute;\">\n\t\t\t\t\t\t<rs-slide style=\"position: absolute;\" data-key=\"rs-22\" data-title=\"Slide\" data-anim=\"adpr:false;\" data-in=\"o:0;\" data-out=\"a:false;\">\n\t\t\t\t\t\t\t<img fetchpriority=\"high\" decoding=\"async\" src=\"\/\/whereto.pt\/wp-content\/plugins\/revslider\/public\/assets\/assets\/dummy.png\" alt=\"\" title=\"lisbon-portugal-skyline-2021-08-26-18-12-59-utc\" width=\"2560\" height=\"2560\" class=\"rev-slidebg tp-rs-img rs-lazyload\" data-lazyload=\"\/\/whereto.pt\/wp-content\/uploads\/2022\/05\/lisbon-portugal-skyline-2021-08-26-18-12-59-utc-scaled.jpg\" data-no-retina>\n<!---->\t\t\t\t\t\t<\/rs-slide>\n\t\t\t\t\t\t<rs-slide style=\"position: absolute;\" data-key=\"rs-23\" data-title=\"Slide\" data-anim=\"adpr:false;\" data-in=\"o:0;\" data-out=\"a:false;\">\n\t\t\t\t\t\t\t<img decoding=\"async\" src=\"\/\/whereto.pt\/wp-content\/plugins\/revslider\/public\/assets\/assets\/dummy.png\" alt=\"\" title=\"lisbon-city-in-portugal-2022-02-02-20-46-58-utc\" width=\"2560\" height=\"2560\" class=\"rev-slidebg tp-rs-img rs-lazyload\" data-lazyload=\"\/\/whereto.pt\/wp-content\/uploads\/2022\/05\/lisbon-city-in-portugal-2022-02-02-20-46-58-utc-scaled.jpg\" data-no-retina>\n<!---->\t\t\t\t\t\t<\/rs-slide>\n\t\t\t\t\t\t<rs-slide style=\"position: absolute;\" data-key=\"rs-24\" data-title=\"Slide\" data-anim=\"adpr:false;\" data-in=\"o:0;\" data-out=\"a:false;\">\n\t\t\t\t\t\t\t<img loading=\"lazy\" decoding=\"async\" src=\"\/\/whereto.pt\/wp-content\/plugins\/revslider\/public\/assets\/assets\/dummy.png\" alt=\"\" title=\"ceramic-crafts-with-the-traditional-portuguese-roo-2022-05-06-01-59-29-utc\" width=\"2560\" height=\"2560\" class=\"rev-slidebg tp-rs-img rs-lazyload\" data-lazyload=\"\/\/whereto.pt\/wp-content\/uploads\/2022\/05\/ceramic-crafts-with-the-traditional-portuguese-roo-2022-05-06-01-59-29-utc-scaled.jpg\" data-no-retina>\n<!---->\t\t\t\t\t\t<\/rs-slide>\n\t\t\t\t\t\t<rs-slide style=\"position: absolute;\" data-key=\"rs-25\" data-title=\"Slide\" data-anim=\"adpr:false;\" data-in=\"o:0;\" data-out=\"a:false;\">\n\t\t\t\t\t\t\t<img loading=\"lazy\" decoding=\"async\" src=\"\/\/whereto.pt\/wp-content\/plugins\/revslider\/public\/assets\/assets\/dummy.png\" alt=\"\" title=\"tram-in-lisbon-portugal-2022-03-04-05-34-54-utc\" width=\"2560\" height=\"2560\" class=\"rev-slidebg tp-rs-img rs-lazyload\" data-lazyload=\"\/\/whereto.pt\/wp-content\/uploads\/2022\/05\/tram-in-lisbon-portugal-2022-03-04-05-34-54-utc-scaled.jpg\" data-bg=\"p:center bottom;\" data-no-retina>\n<!---->\t\t\t\t\t\t<\/rs-slide>\n\t\t\t\t\t\t<rs-slide style=\"position: absolute;\" data-key=\"rs-26\" data-title=\"Slide\" data-anim=\"adpr:false;\" data-in=\"o:0;\" data-out=\"a:false;\">\n\t\t\t\t\t\t\t<img loading=\"lazy\" decoding=\"async\" src=\"\/\/whereto.pt\/wp-content\/plugins\/revslider\/public\/assets\/assets\/dummy.png\" alt=\"\" title=\"multiracial-friends-taking-selfie-at-city-tour-2022-02-09-19-00-58-utc\" width=\"2560\" height=\"2560\" class=\"rev-slidebg tp-rs-img rs-lazyload\" data-lazyload=\"\/\/whereto.pt\/wp-content\/uploads\/2022\/05\/multiracial-friends-taking-selfie-at-city-tour-2022-02-09-19-00-58-utc-scaled.jpg\" data-no-retina>\n<!---->\t\t\t\t\t\t<\/rs-slide>\n\t\t\t\t\t\t<rs-slide style=\"position: absolute;\" data-key=\"rs-27\" data-title=\"Slide\" data-anim=\"adpr:false;\" data-in=\"o:0;\" data-out=\"a:false;\">\n\t\t\t\t\t\t\t<img loading=\"lazy\" decoding=\"async\" src=\"\/\/whereto.pt\/wp-content\/plugins\/revslider\/public\/assets\/assets\/dummy.png\" alt=\"\" title=\"sunset-in-miradouro-do-suberco-viewpoint-nazare-2022-03-12-12-13-13-utc\" width=\"2560\" height=\"2560\" class=\"rev-slidebg tp-rs-img rs-lazyload\" data-lazyload=\"\/\/whereto.pt\/wp-content\/uploads\/2022\/05\/sunset-in-miradouro-do-suberco-viewpoint-nazare-2022-03-12-12-13-13-utc-scaled.jpg\" data-no-retina>\n<!---->\t\t\t\t\t\t<\/rs-slide>\n\t\t\t\t\t\t<rs-slide style=\"position: absolute;\" data-key=\"rs-28\" data-title=\"Slide\" data-anim=\"adpr:false;\" data-in=\"o:0;\" data-out=\"a:false;\">\n\t\t\t\t\t\t\t<img loading=\"lazy\" decoding=\"async\" src=\"\/\/whereto.pt\/wp-content\/plugins\/revslider\/public\/assets\/assets\/dummy.png\" alt=\"\" title=\"traditional-portuguese-snacks-2021-08-29-03-41-17-utc\" width=\"2560\" height=\"2560\" class=\"rev-slidebg tp-rs-img rs-lazyload\" data-lazyload=\"\/\/whereto.pt\/wp-content\/uploads\/2022\/05\/traditional-portuguese-snacks-2021-08-29-03-41-17-utc-scaled.jpg\" data-no-retina>\n<!---->\t\t\t\t\t\t<\/rs-slide>\n\t\t\t\t\t\t<rs-slide style=\"position: absolute;\" data-key=\"rs-29\" data-title=\"Slide\" data-anim=\"adpr:false;\" data-in=\"o:0;\" data-out=\"a:false;\">\n\t\t\t\t\t\t\t<img loading=\"lazy\" decoding=\"async\" src=\"\/\/whereto.pt\/wp-content\/plugins\/revslider\/public\/assets\/assets\/dummy.png\" alt=\"\" title=\"sintra-portugal-2022-03-07-13-30-40-utc\" width=\"2560\" height=\"2560\" class=\"rev-slidebg tp-rs-img rs-lazyload\" data-lazyload=\"\/\/whereto.pt\/wp-content\/uploads\/2022\/05\/sintra-portugal-2022-03-07-13-30-40-utc-scaled.jpg\" data-no-retina>\n<!---->\t\t\t\t\t\t<\/rs-slide>\n\t\t\t\t\t<\/rs-slides>\n\t\t\t\t<\/rs-module>\n\t\t\t\t<script>\n\t\t\t\t\tsetREVStartSize({c: 'rev_slider_10_1',rl:[1240,1024,778,480],el:[420],gw:[1240],gh:[420],type:'carousel',justify:'',layout:'fullwidth',mh:\"0\"});if (window.RS_MODULES!==undefined && window.RS_MODULES.modules!==undefined && window.RS_MODULES.modules[\"revslider101\"]!==undefined) {window.RS_MODULES.modules[\"revslider101\"].once = false;window.revapi10 = undefined;if (window.RS_MODULES.checkMinimal!==undefined) window.RS_MODULES.checkMinimal()}\n\t\t\t\t<\/script>\n\t\t\t<\/rs-module-wrap>\n\t\t\t<!-- END REVOLUTION SLIDER -->\n[\/vc_column][\/vc_row]<\/p>\n<\/section>","protected":false},"excerpt":{"rendered":"<p>[vc_row][vc_column width=&#8221;1\/6&#8243;][\/vc_column][vc_column width=&#8221;2\/3&#8243;][vc_column_text][\/vc_column_text][vc_column_text] WHERE TO tamb\u00e9m \u00e9 especializada em Transfers Privados de\/para qualquer ponto do pa\u00eds. Nossa frota \u00e9 composta por ve\u00edculos que s\u00e3o continuamente inspecionados e mantidos para garantir a m\u00e1xima qualidade de servi\u00e7o. Viajamos para qualquer parte do pa\u00eds, qualquer destino, qualquer dist\u00e2ncia e a qualquer hora. [\/vc_column_text][vc_empty_space height=&#8221;40px&#8221;][\/vc_column][vc_column width=&#8221;1\/6&#8243;][\/vc_column][\/vc_row][vc_row][vc_column][vc_column_text] INCLU\u00cdDO [\/vc_column_text][\/vc_column][\/vc_row][vc_row][vc_column width=&#8221;1\/3&#8243;][\/vc_column][vc_column [&hellip;]<\/p>\n","protected":false},"author":1,"featured_media":10647,"parent":0,"menu_order":0,"comment_status":"closed","ping_status":"closed","template":"","meta":{"footnotes":""},"class_list":["post-11689","page","type-page","status-publish","has-post-thumbnail","hentry"],"_links":{"self":[{"href":"https:\/\/whereto.pt\/pt-pt\/wp-json\/wp\/v2\/pages\/11689","targetHints":{"allow":["GET"]}}],"collection":[{"href":"https:\/\/whereto.pt\/pt-pt\/wp-json\/wp\/v2\/pages"}],"about":[{"href":"https:\/\/whereto.pt\/pt-pt\/wp-json\/wp\/v2\/types\/page"}],"author":[{"embeddable":true,"href":"https:\/\/whereto.pt\/pt-pt\/wp-json\/wp\/v2\/users\/1"}],"replies":[{"embeddable":true,"href":"https:\/\/whereto.pt\/pt-pt\/wp-json\/wp\/v2\/comments?post=11689"}],"version-history":[{"count":2,"href":"https:\/\/whereto.pt\/pt-pt\/wp-json\/wp\/v2\/pages\/11689\/revisions"}],"predecessor-version":[{"id":11691,"href":"https:\/\/whereto.pt\/pt-pt\/wp-json\/wp\/v2\/pages\/11689\/revisions\/11691"}],"wp:featuredmedia":[{"embeddable":true,"href":"https:\/\/whereto.pt\/pt-pt\/wp-json\/wp\/v2\/media\/10647"}],"wp:attachment":[{"href":"https:\/\/whereto.pt\/pt-pt\/wp-json\/wp\/v2\/media?parent=11689"}],"curies":[{"name":"wp","href":"https:\/\/api.w.org\/{rel}","templated":true}]}}

<section class="wpb-content-wrapper"><p>[vc_row][vc_column width=&#8221;1/6&#8243;][/vc_column][vc_column width=&#8221;2/3&#8243;][vc_column_text]<img decoding="async" class="aligncenter wp-image-10361" src="https://whereto.pt/wp-content/uploads/2018/12/WTBLACK.svg" alt="" width="192" height="133">[/vc_column_text][vc_column_text]</p>
<div class="mkdf-section-title-holder mkdf-light mkdf-st-standard mkdf-st-title-left mkdf-st-normal-space ">
<div class="mkdf-st-inner">
<p style="text-align: center;"><strong>WHERE TO </strong>também é especializada em Transfers Privados de/para qualquer ponto do país.</p>
<p style="text-align: center;">Nossa frota é composta por veículos que são continuamente inspecionados e mantidos para garantir a máxima qualidade de serviço.</p>
<p style="text-align: center;">Viajamos para qualquer parte do país, qualquer destino, qualquer distância e a qualquer hora.</p>
</div>
</div>
<p>[/vc_column_text][vc_empty_space height=&#8221;40px&#8221;][/vc_column][vc_column width=&#8221;1/6&#8243;][/vc_column][/vc_row][vc_row][vc_column][vc_column_text]</p>
<p style="text-align: center;"><strong>INCLUÍDO</strong></p>
<p>[/vc_column_text][/vc_column][/vc_row][vc_row][vc_column width=&#8221;1/3&#8243;][/vc_column][vc_column width=&#8221;1/3&#8243;][vc_column_text]</p>
<ul>
<li>Carro Privado</li>
<li>Motorista Exclusivo</li>
<li>Wifi a bordo</li>
<li>Seleção de música dedicada</li>
<li>Carregador iPhone/Android</li>
</ul>
<p>[/vc_column_text][vc_empty_space height=&#8221;20px&#8221;][/vc_column][vc_column width=&#8221;1/3&#8243;][/vc_column][/vc_row][vc_row][vc_column width=&#8221;1/3&#8243;][vc_icon icon_fontawesome=&#8221;fas fa-plus&#8221; color=&#8221;custom&#8221; background_style=&#8221;rounded&#8221; background_color=&#8221;custom&#8221; size=&#8221;xs&#8221; align=&#8221;center&#8221; css_animation=&#8221;fadeIn&#8221; custom_color=&#8221;#ffffff&#8221; custom_background_color=&#8221;#cfb370&#8243;][vc_column_text]Pack de Boas-Vindas &#8211; garrafas de água mineral, lenços umedecidos, mapa da cidade, guarda-chuva (quando necessário), jornais e revistas (se solicitado).[/vc_column_text][/vc_column][vc_column width=&#8221;1/3&#8243;][vc_icon icon_fontawesome=&#8221;fas fa-plus&#8221; color=&#8221;custom&#8221; background_style=&#8221;rounded&#8221; background_color=&#8221;custom&#8221; size=&#8221;xs&#8221; align=&#8221;center&#8221; css_animation=&#8221;fadeIn&#8221; custom_color=&#8221;#ffffff&#8221; custom_background_color=&#8221;#cfb370&#8243;][vc_column_text]Placas de identificação de aeroporto personalizadas com logotipo da empresa, nome do cliente ou ambos.[/vc_column_text][/vc_column][vc_column width=&#8221;1/3&#8243;][vc_icon icon_fontawesome=&#8221;fas fa-plus&#8221; color=&#8221;custom&#8221; background_style=&#8221;rounded&#8221; background_color=&#8221;custom&#8221; size=&#8221;xs&#8221; align=&#8221;center&#8221; css_animation=&#8221;fadeIn&#8221; custom_color=&#8221;#ffffff&#8221; custom_background_color=&#8221;#cfb370&#8243;][vc_column_text]Assistência disponível 24 horas por dia, 7 dias por semana em vários idiomas.[/vc_column_text][/vc_column][/vc_row][vc_row][vc_column][vc_empty_space height=&#8221;20px&#8221;][vc_btn title=&#8221;RESERVAR | ORÇAMENTO&#8221; color=&#8221;inverse&#8221; size=&#8221;lg&#8221; align=&#8221;center&#8221; i_icon_fontawesome=&#8221;fas fa-hand-point-right&#8221; add_icon=&#8221;true&#8221; link=&#8221;url:https%3A%2F%2Fwhereto.pt%2Fpt-pt%2Fcontactos%2F|title:Transfers%20Form|&#8221;][vc_empty_space height=&#8221;20px&#8221;][/vc_column][/vc_row][vc_row full_width=&#8221;stretch_row_content_no_spaces&#8221; content_placement=&#8221;middle&#8221;][vc_column]
			<!-- START Slider 3 REVOLUTION SLIDER 6.6.13 --><p class="rs-p-wp-fix"></p>
			<rs-module-wrap id="rev_slider_10_1_wrapper" data-source="gallery" style="visibility:hidden;background:transparent;padding:0;margin:0px auto;margin-top:0;margin-bottom:0;">
				<rs-module id="rev_slider_10_1" style="" data-version="6.6.13">
					<rs-slides style="overflow: hidden; position: absolute;">
						<rs-slide style="position: absolute;" data-key="rs-22" data-title="Slide" data-anim="adpr:false;" data-in="o:0;" data-out="a:false;">
							<img fetchpriority="high" decoding="async" src="//whereto.pt/wp-content/plugins/revslider/public/assets/assets/dummy.png" alt="" title="lisbon-portugal-skyline-2021-08-26-18-12-59-utc" width="2560" height="2560" class="rev-slidebg tp-rs-img rs-lazyload" data-lazyload="//whereto.pt/wp-content/uploads/2022/05/lisbon-portugal-skyline-2021-08-26-18-12-59-utc-scaled.jpg" data-no-retina>
<!---->						</rs-slide>
						<rs-slide style="position: absolute;" data-key="rs-23" data-title="Slide" data-anim="adpr:false;" data-in="o:0;" data-out="a:false;">
							<img decoding="async" src="//whereto.pt/wp-content/plugins/revslider/public/assets/assets/dummy.png" alt="" title="lisbon-city-in-portugal-2022-02-02-20-46-58-utc" width="2560" height="2560" class="rev-slidebg tp-rs-img rs-lazyload" data-lazyload="//whereto.pt/wp-content/uploads/2022/05/lisbon-city-in-portugal-2022-02-02-20-46-58-utc-scaled.jpg" data-no-retina>
<!---->						</rs-slide>
						<rs-slide style="position: absolute;" data-key="rs-24" data-title="Slide" data-anim="adpr:false;" data-in="o:0;" data-out="a:false;">
							<img loading="lazy" decoding="async" src="//whereto.pt/wp-content/plugins/revslider/public/assets/assets/dummy.png" alt="" title="ceramic-crafts-with-the-traditional-portuguese-roo-2022-05-06-01-59-29-utc" width="2560" height="2560" class="rev-slidebg tp-rs-img rs-lazyload" data-lazyload="//whereto.pt/wp-content/uploads/2022/05/ceramic-crafts-with-the-traditional-portuguese-roo-2022-05-06-01-59-29-utc-scaled.jpg" data-no-retina>
<!---->						</rs-slide>
						<rs-slide style="position: absolute;" data-key="rs-25" data-title="Slide" data-anim="adpr:false;" data-in="o:0;" data-out="a:false;">
							<img loading="lazy" decoding="async" src="//whereto.pt/wp-content/plugins/revslider/public/assets/assets/dummy.png" alt="" title="tram-in-lisbon-portugal-2022-03-04-05-34-54-utc" width="2560" height="2560" class="rev-slidebg tp-rs-img rs-lazyload" data-lazyload="//whereto.pt/wp-content/uploads/2022/05/tram-in-lisbon-portugal-2022-03-04-05-34-54-utc-scaled.jpg" data-bg="p:center bottom;" data-no-retina>
<!---->						</rs-slide>
						<rs-slide style="position: absolute;" data-key="rs-26" data-title="Slide" data-anim="adpr:false;" data-in="o:0;" data-out="a:false;">
							<img loading="lazy" decoding="async" src="//whereto.pt/wp-content/plugins/revslider/public/assets/assets/dummy.png" alt="" title="multiracial-friends-taking-selfie-at-city-tour-2022-02-09-19-00-58-utc" width="2560" height="2560" class="rev-slidebg tp-rs-img rs-lazyload" data-lazyload="//whereto.pt/wp-content/uploads/2022/05/multiracial-friends-taking-selfie-at-city-tour-2022-02-09-19-00-58-utc-scaled.jpg" data-no-retina>
<!---->						</rs-slide>
						<rs-slide style="position: absolute;" data-key="rs-27" data-title="Slide" data-anim="adpr:false;" data-in="o:0;" data-out="a:false;">
							<img loading="lazy" decoding="async" src="//whereto.pt/wp-content/plugins/revslider/public/assets/assets/dummy.png" alt="" title="sunset-in-miradouro-do-suberco-viewpoint-nazare-2022-03-12-12-13-13-utc" width="2560" height="2560" class="rev-slidebg tp-rs-img rs-lazyload" data-lazyload="//whereto.pt/wp-content/uploads/2022/05/sunset-in-miradouro-do-suberco-viewpoint-nazare-2022-03-12-12-13-13-utc-scaled.jpg" data-no-retina>
<!---->						</rs-slide>
						<rs-slide style="position: absolute;" data-key="rs-28" data-title="Slide" data-anim="adpr:false;" data-in="o:0;" data-out="a:false;">
							<img loading="lazy" decoding="async" src="//whereto.pt/wp-content/plugins/revslider/public/assets/assets/dummy.png" alt="" title="traditional-portuguese-snacks-2021-08-29-03-41-17-utc" width="2560" height="2560" class="rev-slidebg tp-rs-img rs-lazyload" data-lazyload="//whereto.pt/wp-content/uploads/2022/05/traditional-portuguese-snacks-2021-08-29-03-41-17-utc-scaled.jpg" data-no-retina>
<!---->						</rs-slide>
						<rs-slide style="position: absolute;" data-key="rs-29" data-title="Slide" data-anim="adpr:false;" data-in="o:0;" data-out="a:false;">
							<img loading="lazy" decoding="async" src="//whereto.pt/wp-content/plugins/revslider/public/assets/assets/dummy.png" alt="" title="sintra-portugal-2022-03-07-13-30-40-utc" width="2560" height="2560" class="rev-slidebg tp-rs-img rs-lazyload" data-lazyload="//whereto.pt/wp-content/uploads/2022/05/sintra-portugal-2022-03-07-13-30-40-utc-scaled.jpg" data-no-retina>
<!---->						</rs-slide>
					</rs-slides>
				</rs-module>
				<script>
					setREVStartSize({c: 'rev_slider_10_1',rl:[1240,1024,778,480],el:[420],gw:[1240],gh:[420],type:'carousel',justify:'',layout:'fullwidth',mh:"0"});if (window.RS_MODULES!==undefined && window.RS_MODULES.modules!==undefined && window.RS_MODULES.modules["revslider101"]!==undefined) {window.RS_MODULES.modules["revslider101"].once = false;window.revapi10 = undefined;if (window.RS_MODULES.checkMinimal!==undefined) window.RS_MODULES.checkMinimal()}
				</script>
			</rs-module-wrap>
			<!-- END REVOLUTION SLIDER -->
[/vc_column][/vc_row]</p>
</section>

<p>[vc_row][vc_column width=&#8221;1/6&#8243;][/vc_column][vc_column width=&#8221;2/3&#8243;][vc_column_text][/vc_column_text][vc_column_text] WHERE TO também é especializada em Transfers Privados de/para qualquer ponto do país. Nossa frota é composta por veículos que são continuamente inspecionados e mantidos para garantir a máxima qualidade de serviço. Viajamos para qualquer parte do país, qualquer destino, qualquer distância e a qualquer hora. [/vc_column_text][vc_empty_space height=&#8221;40px&#8221;][/vc_column][vc_column width=&#8221;1/6&#8243;][/vc_column][/vc_row][vc_row][vc_column][vc_column_text] INCLUÍDO [/vc_column_text][/vc_column][/vc_row][vc_row][vc_column width=&#8221;1/3&#8243;][/vc_column][vc_column [&hellip;]</p>
